uppose 0 = -3*o + 477*l - 474*l + 43686, -o + 14567 = 4*l. What is the tens digit of o?
6
Suppose -10*z = -15*z + 75. Let d be 170/z - 4/(-6). What is the units digit of (-14)/(((-15)/d)/5)?
6
Let j(b) = 9*b**2 - 7*b - 25. Let d(m) = -4*m**2 + 3*m + 12. Let i(p) = -7*d(p) - 3*j(p). Let t be i(4). What is the units digit of (-109)/(-7) - 4/t?
5
Let o(a) = a**2 - 4*a - 1. Let k be o(11). Suppose -2*n + k = -4*i + 2*n, i + 2*n = -22. What is the units digit of -1 + -1 + 1 - i?
9
Let p = 9077 + -3613. What is the thousands digit of p?
5
Let x = -515 - -518. Suppose 0 = x*r - 809 - 1144. What is the hundreds digit of r?
6
Suppose 3*m + 0*m + l - 5 = 0, -5*m + l + 11 = 0. Suppose 3*b - m*b + 1 = 0. What is the tens digit of (-1)/((-3 - b)/84)?
4
Let y(l) = -l**2 + 3*l - 64. Let g be y(0). Let u = 117 + g. What is the units digit of u?
3
Let b = 1058 - -240. Suppose 0 = 11*s - 1793 - b. What is the hundreds digit of s?
2
What is the tens digit of 25 - (-16423 + -10 + 10)?
4
Let z(c) = 135*c**2 - c - 3. Let b be z(-1). Let d be (-4)/10 + (-1202)/(-5). Let j = d - b. What is the tens digit of j?
0
Suppose 0 = 4*j - 5*w - 103, -2*j + 4*w + 29 = -15. What is the units digit of (-2)/(-4) + 7 + 11280/j?
0
Let s be 4/((-20)/5) - 20. Let c be 30/9*s/(-14). Suppose -c*m - 179 = -2*y, -28 = -2*y - 4*m + 106. What is the units digit of y?
7
Let a = -75749 - -129763. What is the units digit of a?
4
Let a = 17686 + -7792. What is the units digit of a?
4
Let p = 27328 + 7801. What is the hundreds digit of p?
1
Suppose -39*t + 146417 = -774763. What is the tens digit of t?
2
Suppose -4 = -4*w, 6*t - 9*t + 76 = 4*w. Suppose t = i + g, 3*i - 6*i + g = -64. What is the tens digit of i?
2
Let o(j) = j**3 - 28*j**2 - 4*j + 434. What is the tens digit of o(34)?
3
Let k(i) be the third derivative of 181*i**4/24 - 2*i**3/3 + 50*i**2. What is the tens digit of k(2)?
5
Let r(l) = 2*l**3 + 23*l**2 + 12*l + 15. Let d be r(-11). Suppose 4*f + 3*x - 2965 = 0, 0 = -f + d*x - 7*x + 739. What is the hundreds digit of f?
7
Suppose -27*u = 137 - 56. Let o(a) = -a**3 + 3*a**2 - a + 2. Let j be o(2). What is the tens digit of j/6 + (-2752)/(-12) + u?
2
Let q(k) = -2*k - 52. Suppose n - o = -2*n - 20, 2*n = 3*o - 25. Let m be q(n). What is the units digit of (-7)/(m/405)*2?
5
Let u(d) = -339 + d + 337 - 4*d + 3*d**2. Let f be u(2). Suppose -2*x + 552 + 94 = f*l, 0 = 3*l - x - 492. What is the units digit of l?
3
Let n(z) = 217*z**2 - 120*z - 80. What is the tens digit of n(-14)?
3
Let o be (-269)/3*3*2/(-2). Let l = o + -152. Let h = -81 + l. What is the units digit of h?
6
Let k(y) be the first derivative of y**5/30 - 7*y**4/24 - 7*y**3/2 - 13*y**2 + 22. Let g(n) be the second derivative of k(n). What is the units digit of g(9)?
8
What is the tens digit of ((-66)/(-11))/6*14527 - -11?
3
Let y be -3 + ((-48)/(-3) - -1). Let t be (-20)/(-70) - (-3146)/y. Suppose 3*z - 6*z = -t. What is the units digit of z?
5
Suppose 0 = m - 12 + 10, 0 = -3*p - 2*m + 13. Suppose 7 - 13 = -p*q. Suppose 12*v = q*v + 530. What is the tens digit of v?
5
Let b be (3 + (-5 - -7))*1. Suppose -q = 4*f - 4126 + 721, 0 = b*f + 2*q - 4257. What is the units digit of f?
1
Suppose -34*w + 684515 = -15*w + 46*w. What is the tens digit of w?
3
Let o(n) = 218*n**2 - 23*n + 39. Let i(d) = d - 1. Let b(f) = 5*i(f) + o(f). What is the units digit of b(2)?
0
Suppose -137*c + 213875 + 462220 = 0. What is the units digit of c?
5
Let w = -54 - -62. Suppose -2*m - v = 6, -m + 2*v + 0*v = w. What is the tens digit of ((-364)/21)/(-2 + m/(-3))?
2
Let h(b) = -44*b + 622. Let p be h(14). Let l = -9 - 0. What is the tens digit of (-3 - (-314)/(-6))*l/p?
8
Let r = 38 - 38. Suppose 4*g = -h + 9, 5*g + 2*h - 5*h - 7 = r. What is the tens digit of (g + 2 + -6)/((-4)/242)?
2
Let p = 852 + -847. Suppose 5*o - p*q - 269 = 4616, -2*o + q + 1958 = 0. What is the tens digit of o?
8
Let c(n) = 325*n + 1919. What is the units digit of c(112)?
9
Let j be (0/(-1))/(-29 + 27). Suppose 27*c - 1297 - 782 = j. What is the units digit of c?
7
Suppose -3*p - 836 = 2*g, -p - 5*g + 1410 = -6*p. Let l = 84 - p. What is the tens digit of l?
6
Let h = -19 + 23. Suppose 12 - 8 = h*x. What is the hundreds digit of 1 - x - (-424)/4?
1
Let j = 6377 - 1845. What is the tens digit of j?
3
Suppose 0*g - 6*g = -12. Suppose -k + 765 = -3*p + 6*p, -g*k + 1506 = -2*p. What is the tens digit of k?
5
Let a be ((-6)/(-18))/(2/3270). Let y = 239 + a. What is the hundreds digit of y?
7
Suppose 0 = 2*w - 11 + 25. Let o(i) = 1 - 2 - 2 + 63359*i - 63366*i. What is the units digit of o(w)?
6
Suppose -5*s + 7928 = 2*h, 0 = -3*s - 4*h + 8*h + 4762. Suppose 4*c - r = c + 1598, 4*r + s = 3*c. What is the units digit of c?
4
Suppose -3*b - 3*b + 84 = 0. Let d(a) = a - 33. Let x be d(b). Let h = x + 49. What is the units digit of h?
0
Let t = 238 + -329. Let w be -1 - (-1 + -54) - -2. Let y = w - t. What is the units digit of y?
7
Let r(w) = -1324*w - 6132. What is the thousands digit of r(-17)?
6
Suppose -4 = s - 2*a - a, -a = 4*s - 23. Suppose s*x - 75 = -15. What is the units digit of x?
2
Suppose x = -5*x + 4836. Suppose -7*l + x = -293. What is the hundreds digit of l?
1
Let x be (-2 - -3)*-1*(-6)/(-3). Let v be 570/35 - x/(-7). Suppose -74 = -3*z + v. What is the units digit of z?
0
Suppose 29*a = 8*a + 20412. Suppose -h - a = -4*h. What is the hundreds digit of h?
3
Let n be 2*6/(-2) + -996. Let v = n - -1451. What is the units digit of v?
9
Let g(b) = b**3 - b**2 + 4*b - 7. Let m(n) = -9*n + 3*n**2 - 15 - 8*n**2 + 4*n**2. Let j be m(-4). What is the tens digit of g(j)?
1
Let k = 520 - 342. Let r = -116 + k. What is the units digit of r?
2
Suppose 0 = 33*x - 31*x - 14274. Suppose -4*c - 9*c + x = 0. What is the units digit of c?
9
Suppose 4*b + 883 = 5*o, -7*o + 3*o + 2*b + 704 = 0. Let a = 125 - o. What is the units digit of (-3)/((-18)/(-8))*375/a?
0
Let f be 16230/7 - 9/(-21). Suppose -f = -3*z - 3*j, -z + 417 = -2*j - 353. What is the tens digit of z?
7
Suppose 2 = -13*t - 76. Let v(x) = x + 8. Let o be v(t). Suppose -o*u + w = -345, 2*w - 316 - 32 = -2*u. What is the units digit of u?
3
Let o be 0*((-7 - -9) + 1 + -2). What is the tens digit of 803 - (-2 + o - -7)*-1?
0
What is the tens digit of 27596*(-22 + 570/24)?
9
Suppose -2*f = c + 2825 - 31431, -4*f - 57268 = -2*c. What is the tens digit of c?
2
Let h(x) be the second derivative of -1/6*x**3 + 12*x**2 + 5*x + 0. What is the units digit of h(6)?
8
Suppose 34233 + 52811 + 60148 = 12*c. What is the thousands digit of c?
2
Let q = 195 + -77. Suppose -q*f = -123*f + 1665. What is the tens digit of f?
3
Suppose 5*p - 19*t + 22*t - 200066 = 0, -320128 = -8*p - 2*t. What is the hundreds digit of p?
0
Let f be -459 + (6/(-5))/(32/80). Let s = f - -870. Suppose 5*y - s = -3*y. What is the units digit of y?
1
Suppose 28 = 5*a - 4*c - 9, -19 = -5*a - 2*c. Let u = -1842 - -1843. Suppose s - 1 = 5*j, -a*s - 5*j = -6 + u. What is the units digit of s?
1
Suppose -13*r + 8*r + 60 = 0. Suppose -3*u - u = r. What is the tens digit of 1 + 3/3*u + 22?
2
Let p be (-28)/(-18) + 320/720. Suppose 0 = -p*i - 3*y + 3337, 2363 = 4*i + 4*y - 4321. What is the thousands digit of i?
1
Let x(j) = j**2 + 15*j - 50. Let g be 2/2*((1 - 4) + -15). Let h be x(g). Suppose 0 = h*r - n - 97 - 126, 3*r - n - 166 = 0. What is the units digit of r?
7
Suppose 3339855 = 3493*r - 3448*r. What is the hundreds digit of r?
2
Let z(k) be the first derivative of -5*k**4/2 - 5*k**3/3 + k**2/2 - 4*k - 113. What is the hundreds digit of z(-3)?
2
Let h = 130 + -104. Suppose -4*i + 1394 = -3*q, 702 = 2*i - h*q + 22*q. What is the units digit of i?
7
Let n be (-7)/((-105)/25)*12. Let t(m) = -2*m**2 + 39*m + 40. What is the tens digit of t(n)?
2
Suppose 3*l = -5*t + 2371, 4*t = 2*l + 2*l - 3140. Suppose 288 = -g + l. What is the hundreds digit of g?
4
Suppose 1038 = 9*n - 2184. Suppose -n = -m - 4*o + o, 2*m + o - 726 = 0. What is the units digit of m?
4
Suppose -r = 2*g + 2, 5*r + 3*g = 4*r + 1. Let c be (48/28)/(r/(-28)). Suppose o = 10 + c. What is the tens digit of o?
1
Let m(r) = r**3 - 8*r**2 + 7*r + 10. Let u be m(7). Suppose 452 + 1498 = u*i. What is the hundreds digit of i?
1
Let x(m) = -51*m**3 + m**2 + 2*m + 2. Let l be x(-1). Suppose -4*o = 2*i - 7*o - 3